, 7
What are the prime factors of 867?
3, 17
What are the prime factors of 4460?
2, 5, 223
List the prime factors of 24301.
19, 1279
What are the prime factors of 2032?
2, 127
What are the prime factors of 48824?
2, 17, 359
What are the prime factors of 3219?
3, 29, 37
What are the prime factors of 104756?
2, 26189
List the prime factors of 6018.
2, 3, 17, 59
List the prime factors of 1076.
2, 269
What are the prime factors of 6403?
19, 337
List the prime factors of 97.
97
What are the prime factors of 11166?
2, 3, 1861
List the prime factors of 101690.
2, 5, 10169
What are the prime factors of 2391?
3, 797
List the prime factors of 5118.
2, 3, 853
What are the prime factors of 62782?
2, 31391
What are the prime factors of 5913?
3, 73
List the prime factors of 28756.
2, 7, 13, 79
What are the prime factors of 2798?
2, 1399
What are the prime factors of 1887?
3, 17, 37
List the prime factors of 1327.
1327
List the prime factors of 32052.
2, 3, 2671
List the prime factors of 2228.
2, 557
What are the prime factors of 10956?
2, 3, 11, 83
What are the prime factors of 522?
2, 3, 29
List the prime factors of 1814.
2, 907
List the prime factors of 5400.
2, 3, 5
List the prime factors of 21130.
2, 5, 2113
What are the prime factors of 1007?
19, 53
List the prime factors of 2062.
2, 1031
List the prime factors of 7115.
5, 1423
What are the prime factors of 416?
2, 13
What are the prime factors of 1483?
1483
List the prime factors of 92077.
92077
List the prime factors of 13558.
2, 6779
What are the prime factors of 21506?
2, 10753
What are the prime factors of 2342?
2, 1171
What are the prime factors of 4897?
59, 83
List the prime factors of 6012.
2, 3, 167
List the prime factors of 9151.
9151
List the prime factors of 103049.
103049
List the prime factors of 5951.
11, 541
List the prime factors of 33483.
3, 11161
List the prime factors of 40603.
19, 2137
List the prime factors of 558.
2, 3, 31
List the prime factors of 6234.
2, 3, 1039
What are the prime factors of 93741?
3, 31247
List the prime factors of 2788.
2, 17, 41
What are the prime factors of 34940?
2, 5, 1747
What are the prime factors of 55064?
2, 6883
List the prime factors of 135495.
3, 5, 3011
List the prime factors of 1603.
7, 229
What are the prime factors of 29813?
7, 4259
What are the prime factors of 3132?
2, 3, 29
What are the prime factors of 4935?
3, 5, 7, 47
What are the prime factors of 39?
3, 13
List the prime factors of 9410.
2, 5, 941
List the prime factors of 32551.
43, 757
List the prime factors of 2374.
2, 1187
What are the prime factors of 17267?
31, 557
List the prime factors of 465.
3, 5, 31
What are the prime factors of 1118?
2, 13, 43
What are the prime factors of 607?
607
List the prime factors of 152130.
2, 3, 5, 11, 461
List the prime factors of 81829.
11, 43, 173
List the prime factors of 1036.
2, 7, 37
List the prime factors of 7772.
2, 29, 67
List the prime factors of 22027.
22027
List the prime factors of 403.
13, 31
What are the prime factors of 137487?
3, 7, 6547
List the prime factors of 954.
2, 3, 53
List the prime factors of 15470.
2, 5, 7, 13, 17
What are the prime factors of 278?
2, 139
List the prime factors of 1072.
2, 67
List the prime factors of 3906.
2, 3, 7, 31
List the prime factors of 22364.
2, 5591
List the prime factors of 5423.
11, 17, 29
List the prime factors of 22705.
5, 19, 239
What are the prime factors of 5497?
23, 239
What are the prime factors of 33669?
3, 29, 43
What are the prime factors of 6258?
2, 3, 7, 149
List the prime factors of 3757.
13, 17
What are the prime factors of 5071?
11, 461
What are the prime factors of 605?
5, 11
List the prime factors of 155755.
5, 31151
What are the prime factors of 426?
2, 3, 71
What are the prime factors of 4089?
3, 29, 47
List the prime factors of 3365.
5, 673
List the prime factors of 54457.
13, 59, 71
What are the prime factors of 11961?
3, 443
What are the prime factors of 31997?
7, 653
List the prime factors of 41557.
29, 1433
What are the prime factors of 343?
7
What are the prime factors of 1358?
2, 7, 97
List the prime factors of 4686.
2, 3, 11, 71
What are the prime factors of 64293?
3, 29, 739
List the prime factors of 1675.
5, 67
What are the prime factors of 6755?
5, 7, 193
What are the prime factors of 2905?
5, 7, 83
What are the prime factors of 10?
2, 5
List the prime factors of 15973.
15973
List the prime factors of 5774.
2, 2887
List the prime factors of 1192.
2, 149
List the prime factors of 798.
2, 3, 7, 19
What are the prime factors of 1536?
2, 3
List the prime factors of 20699.
7, 2957
List the prime factors of 8926.
2, 4463
List the prime factors of 34291.
53, 647
List the prime factors of 67893.
3, 7, 53, 61
List the prime factors of 248.
2, 31
List the prime factors of 35032.
2, 29, 151
List the prime factors of 1437.
3, 479
List the prime factors of 16703.
16703
List the prime factors of 31478.
2, 15739
What are the prime factors of 58143?
3, 19381
What are the prime factors of 55166?
2, 27583
What are the prime factors of 14905?
5, 11, 271
What are the prime factors of 28701?
3, 1063
List the prime factors of 506.
2, 11, 23
List the prime factors of 27459.
3, 113
What are the prime factors of 5079?
3, 1693
What are the prime factors of 17433?
3, 13, 149
What are the prime factors of 3410?
2, 5, 11, 31
List the prime factors of 11812.
2, 2953
List the prime factors of 2442.
2, 3, 11, 37
List the prime factors of 136950.
2, 3, 5, 11, 83
List the prime factors of 400.
2, 5
List the prime factors of 416.
2, 13
List the prime factors of 1016.
2, 127
List the prime factors of 19700.
2, 5, 197
What are the prime factors of 71503?
71503
What are the prime factors of 18573?
3, 41, 151
List the prime factors of 929.
929
What are the prime factors of 5715?
3, 5, 127
List the prime factors of 2856.
2, 3, 7, 17
List the prime factors of 3793.
3793
List the prime factors of 1446.
2, 3, 241
List the prime factors of 4071.
3, 23, 59
What are the prime factors of 27631?
27631
What are the prime factors of 202?
2, 101
List the prime factors of 74321.
13, 5717
What are the prime factors of 126781?
126781
List the prime factors of 12570.
2, 3, 5, 419
List the prime factors of 1734.
2, 3, 17
List the prime factors of 80717.
7, 13, 887
List the prime factors of 32801.
32801
What are the prime factors of 12648?
2, 3, 17, 31
List the prime factors of 11479.
13, 883
What are the prime factors of 24459?
3, 31, 263
List the prime factors of 74351.
149, 499
What are the prime factors of 3419?
13, 263
List the prime factors of 5324.
2, 11
List the prime factors of 3241.
7, 463
What are the prime factors of 26587?
11, 2417
What are the prime factors of 100235?
5, 20047
What are the prime factors of 3878?
2, 7, 277
What are the prime factors of 432?
2, 3
What are the prime factors of 618?
2, 3, 103
List the prime factors of 59499.
3, 11, 601
List the prime factors of 18628.
2, 4657
List the prime factors of 94263.
3, 13, 2417
What are the prime factors of 49408?
2, 193
What are the prime factors of 778?
2, 389
List the prime factors of 8054.
2, 4027
List the prime factors of 960.
2, 3, 5
List the prime factors of 29752.
2, 3719
List the prime factors of 6268.
2, 1567
List the prime factors of 9385.
5, 1877
What are the prime factors of 4590?
2, 3, 5, 17
List the prime factors of 192781.
192781
What are the prime factors of 100865?
5, 20173
What are the prime factors of 1100?
2, 5, 11
List the prime factors of 2328.
2, 3, 97
List the prime factors of 19851.
3, 13, 509
What are the prime factors of 31131?
3, 1153
What are the prime factors of 1197?
3, 7, 19
What are the prime factors of 76782?
2, 3, 67, 191
What are the prime factors of 160?
2, 5
List the prime factors of 5504.
2, 43
What are the prime factors of 1198?
2, 599
What are the prime factors of 606?
2, 3, 101
List the prime factors of 65320.
2, 5, 23, 71
What are the prime factors of 69832?
2, 7, 29, 43
List the prime factors of 80714.
2, 40357
List the prime factors of 18445.
5, 7, 17, 31
List the prime factors of 2590.
2, 5, 7, 37
List the prime factors of 1512.
2, 3, 7
List the prime factors of 152.
2, 19
List the prime factors of 17666.
2, 11, 73
List the prime factors of 3637.
3637
What are the prime factors of 702?
2, 3, 13
List